{"id":16,"date":"2024-11-25T18:42:38","date_gmt":"2024-11-25T18:42:38","guid":{"rendered":"http:\/\/stoprolamentos.com.br\/?page_id=16"},"modified":"2024-11-26T00:29:09","modified_gmt":"2024-11-26T00:29:09","slug":"sobre","status":"publish","type":"page","link":"https:\/\/stoprolamentos.com.br\/?page_id=16","title":{"rendered":"Sobre"},"content":{"rendered":"\n<h2 class=\"wp-block-heading\">Quem somos?<\/h2>\n\n\n\n<figure class=\"wp-block-image\"><img decoding=\"async\" src=\"https:\/\/static.wixstatic.com\/media\/d150a9_1aaba99495524893a20918901a04dd0d~mv2.jpg\/v1\/fill\/w_373,h_249,al_c,q_80,usm_0.66_1.00_0.01,enc_avif,quality_auto\/iStock-1317729297.jpg\" alt=\"iStock-1317729297.jpg\"\/><\/figure>\n\n\n\n<p>Somos uma loja especializada na venda de rolamentos, correias, retentores, polias e afins, localizada no bairro do Ipiranga.<\/p>\n\n\n\n<p>Conosco voc\u00ea economiza tempo e dinheiro, porque encontra desde um simples anel oring at\u00e9 rolamentos para todos os segmentos, aplica\u00e7\u00f5es, tamanho e precis\u00e3o exigidos, evitando o transtorno de deslocamentos e procura por diversos fornecedores.Garantindo um verdadeiro almoxarifado e suporte t\u00e9cnico para sua empresa.<\/p>\n\n\n\n<p>A nossa paix\u00e3o pela qualidade \u00e9 evidente em todos os aspectos do nosso neg\u00f3cio.<\/p>\n\n\n\n<p>Com uma vasta experi\u00eancia no mercado, estamos empenhados em superar as expectativas dos nossos clientes, oferecendo um atendimento personalizado e uma ampla variedade de produtos de alta qualidade.<\/p>\n\n\n\n<p>Trabalhamos em parceria com as mais respeitadas empresas nacionais e internacionais, todas reconhecidas por atenderem aos mais altos padr\u00f5es de qualidade t\u00e9cnica.<\/p>\n\n\n\n<h3 class=\"wp-block-heading\">PORQUE NOS ESCOLHER?<\/h3>\n\n\n\n<figure class=\"wp-block-image\"><img decoding=\"async\" src=\"https:\/\/static.wixstatic.com\/media\/d150a9_fe8d3ba9a5a9415c9929af5084906291~mv2.jpg\/v1\/crop\/x_22,y_86,w_2202,h_1163\/fill\/w_300,h_158,al_c,q_80,usm_0.66_1.00_0.01,enc_avif,quality_auto\/iStock-187004288.jpg\" alt=\"iStock-187004288.jpg\"\/><\/figure>\n\n\n\n<p><strong>Flexibilidade<\/strong><\/p>\n\n\n\n<p>Reconhecemos que cada cliente \u00e9 \u00fanico, e estamos dispostos a adaptar os nossos servi\u00e7os para atender as suas necessidades espec\u00edficas.<\/p>\n\n\n\n<p><strong>Amplo estoque<\/strong><\/p>\n\n\n\n<p>Com uma grande variedade de marcas Estamos comprometidos em fornecer produtos prontamente, para que os nossos clientes possam manter suas opera\u00e7\u00f5es funcionando sem interrup\u00e7\u00f5es desnecess\u00e1rias.<\/p>\n\n\n\n<p><strong>Equipe qualificada<\/strong><\/p>\n\n\n\n<p>Atendimento personalizado e especializado, com profissionais capacitados que est\u00e3o prontos para auxiliar na escolha do produto mais adequado para cada aplica\u00e7\u00e3o e necessidades dos nossos clientes.<\/p>\n","protected":false},"excerpt":{"rendered":"<p>Quem somos? Somos uma loja especializada na venda de rolamentos, correias, retentores, polias e afins, localizada no bairro do Ipiranga. Conosco voc\u00ea economiza tempo e dinheiro, porque encontra desde um simples anel oring at\u00e9 rolamentos para todos os segmentos, aplica\u00e7\u00f5es, tamanho e precis\u00e3o exigidos, evitando o transtorno de deslocamentos e procura por diversos fornecedores.Garantindo um [&hellip;]<\/p>\n","protected":false},"author":1,"featured_media":0,"parent":0,"menu_order":0,"comment_status":"closed","ping_status":"closed","template":"","meta":{"footnotes":""},"class_list":["post-16","page","type-page","status-publish","hentry"],"_links":{"self":[{"href":"https:\/\/stoprolamentos.com.br\/index.php?rest_route=\/wp\/v2\/pages\/16","targetHints":{"allow":["GET"]}}],"collection":[{"href":"https:\/\/stoprolamentos.com.br\/index.php?rest_route=\/wp\/v2\/pages"}],"about":[{"href":"https:\/\/stoprolamentos.com.br\/index.php?rest_route=\/wp\/v2\/types\/page"}],"author":[{"embeddable":true,"href":"https:\/\/stoprolamentos.com.br\/index.php?rest_route=\/wp\/v2\/users\/1"}],"replies":[{"embeddable":true,"href":"https:\/\/stoprolamentos.com.br\/index.php?rest_route=%2Fwp%2Fv2%2Fcomments&post=16"}],"version-history":[{"count":2,"href":"https:\/\/stoprolamentos.com.br\/index.php?rest_route=\/wp\/v2\/pages\/16\/revisions"}],"predecessor-version":[{"id":104,"href":"https:\/\/stoprolamentos.com.br\/index.php?rest_route=\/wp\/v2\/pages\/16\/revisions\/104"}],"wp:attachment":[{"href":"https:\/\/stoprolamentos.com.br\/index.php?rest_route=%2Fwp%2Fv2%2Fmedia&parent=16"}],"curies":[{"name":"wp","href":"https:\/\/api.w.org\/{rel}","templated":true}]}}